 be y(1). Calculate the greatest common factor of j and i.
14
Suppose -3*r = -6*r + 5*d - 74, 4*d = -r - 53. Let x be 3 + 70/(-7 + 2). Let z = x - r. Calculate the greatest common factor of 242 and z.
22
Let q be ((-405)/30)/((-1)/18 - 0). What is the highest common factor of 18 and q?
9
Let o = 1257 - 1250. Calculate the highest common divisor of o and 1974.
7
Suppose 4*r + 2*q - 1379 = q, q = -2*r + 691. Calculate the highest common factor of r and 430.
86
Suppose p = -3, -3*o - 3*p = -74 - 25. What is the highest common factor of o and 30?
6
Suppose 2*p = -3*f - 2*p + 49, 4*p = -f + 11. What is the greatest common factor of f and 2?
1
Let s be -28*2/(-6)*(-39)/(-52). Suppose 6*n - 2*p = n + 276, 2*n - 5*p - 102 = 0. What is the greatest common factor of n and s?
7
Let l = 9 + -7. Suppose -l*g - 3*g = -10. Suppose 5 = 3*y + g. What is the greatest common factor of 3 and y?
1
Let n = 71 - -42. Suppose -82 = -3*b + n. What is the highest common factor of 26 and b?
13
Let a(r) = 7*r + 20 + 14 - 29. Let v be a(1). Calculate the highest common factor of v and 12.
12
Let r(x) = x**3 - 11*x**2 + 8. Let n be r(11). Let v be (1 - 13/1)/((-9)/12). What is the highest common factor of n and v?
8
Let d = -2123 + 2143. Calculate the highest common factor of 1780 and d.
20
Let c(w) = 21*w**2 - 1. Let j be c(-1). Suppose -2*h = -5*n - 25, h - n - 1 - 16 = 0. What is the greatest common divisor of j and h?
20
Let j be (-2)/(-3) + 122713/219. Calculate the highest common divisor of 204 and j.
51
Let l(s) = 3 + 4*s - 5 + s**2 + 3*s. Let b be l(-8). Let k be (-1 - 1)*b/(-6). What is the highest common divisor of 4 and k?
2
Suppose -c = 2*m + 4, -5*m + 0*c - 10 = -4*c. Let n be ((-10)/(-20))/(m/(-16)). Suppose 22 = -n*b + 78. What is the greatest common divisor of b and 42?
14
Let p(o) = o**3 - 15*o**2 + 11*o + 15. Let g be p(14). Let y = g - -56. What is the highest common divisor of y and 87?
29
Let k(s) = s**3 - 9*s**2 - 9*s + 4. Let a be k(10). Let q(i) = 2*i**3 - 2. Let h be q(4). What is the highest common divisor of h and a?
14
Let z be (29/(522/(-324)))/(2/(-2)). What is the highest common factor of z and 2664?
18
Let d be 1 - 6 - (-9)/(18/244). Calculate the highest common factor of 39 and d.
39
Let p = 35 - -71. Suppose -5*q + 3*a + p = -36, 5*a - 121 = -4*q. Suppose -6 = 26*b - q*b. What is the highest common divisor of b and 22?
2
Let s be (-145)/(-7) + (-8)/(-28). Calculate the greatest common factor of 133 and s.
7
Suppose -2*o + 8 = 0, 4*o - 40 = -2*l - 0*o. Let u = 39 - 34. Suppose c - 576 = -u*c. What is the greatest common divisor of c and l?
12
Let i be (18 - 0) + (-11 - -7). Let y be -1 + 0 - (-7)/(i/176). Calculate the highest common divisor of y and 29.
29
Suppose 5*o + 16 = -w, 0 = 3*w - 2*o - 1 - 2. Let u be w/2 + (-618)/(-12) + -2. What is the highest common divisor of 7 and u?
7
Let q = -159 + 163. What is the greatest common divisor of 188 and q?
4
Let v(s) = -s**3 + 7*s - 9 - 3*s**3 - 9*s**2 + 5*s**3. Let f = -149 + 158. Let a be v(f). What is the highest common divisor of a and 6?
6
Let r be 86 - 2/4*-8. Calculate the greatest common factor of 162 and r.
18
Let g(h) = -h**2 - 30*h + 105. Let o be g(-33). What is the highest common factor of 14 and o?
2
Suppose 0 = -z - 5*t, -t + 24 = 3*z + 2*t. Calculate the highest common divisor of z and 45.
5
Suppose 178*t - 180*t + 84 = 0. What is the highest common divisor of 350 and t?
14
Let b be 11259/7 + 111/(-259). What is the greatest common divisor of b and 48?
24
Let z = -465 + 560. Calculate the greatest common divisor of 38 and z.
19
Suppose 2*p + 377 = 2*x - 5, -3*x - 2*p = -563. Suppose 60*a - 82 - 1178 = 0. Calculate the highest common factor of x and a.
21
Let c(d) = 435*d**3 - 4*d**2 + 3*d - 2. Let f be c(1). What is the highest common factor of f and 189?
27
Suppose 3*n + 3*t = 933, 0 = -3*n + t - 0*t + 937. What is the greatest common factor of n and 24?
24
Let o(k) = 2*k**2 - 9*k - 7. Let p be o(7). Let w = p - 11. Let s = -132 - -302. What is the highest common factor of s and w?
17
Suppose 36*l = -17*l + 318. What is the greatest common factor of 14 and l?
2
Let f = -21 + 23. Let k be (36/16 - -6)/((-6)/(-16)). What is the highest common factor of k and f?
2
Let m(u) = 59*u**2 + 2*u - 1. Let k be m(1). Let z(l) = 5*l + 70. Let b be z(-10). What is the highest common divisor of k and b?
20
Let p be 1093/3 + (-63)/189. What is the greatest common factor of 28 and p?
28
Let t be (-182)/(-39)*((-26)/(-14) + -1). Suppose -t*y - 94 + 134 = 0. Let r(q) = -16*q - 1. Let d be r(-1). Calculate the highest common factor of y and d.
5
Suppose -48*b + 54 = -42*b. Let p = 7 + 53. Let v = p - 24. What is the greatest common divisor of b and v?
9
Suppose -11*b = -12*b + 24. Let s = 36 - b. Let k be (1/4)/(1/12). Calculate the greatest common divisor of k and s.
3
Suppose 6*s - 5*s - 12 = 0. Let p be 21/7 + s/3. What is the greatest common factor of p and 1?
1
Let d(g) = g**2 - 3*g + 6. Suppose -47 - 13 = -4*s. Suppose 0 = b - 4*b + s. Let t be d(b). Calculate the greatest common divisor of 40 and t.
8
Let d = 517 - 463. Calculate the highest common factor of 27 and d.
27
Let b be (-27 + -15)*(-27)/1. What is the greatest common divisor of 42 and b?
42
Suppose -35*x - 510 + 7230 = 0. What is the greatest common factor of x and 1008?
48
Let x(f) = -f**3 - 4*f**2 + 4. Let c be x(-4). Let t = -20 - -40. Let v be -2 + t + 8/c. Calculate the greatest common divisor of v and 100.
20
Suppose 0 = -r - r - 5*s + 60, 0 = r - s - 30. Suppose 0 = 4*o - m - 232, o - 3*m = r + 39. Let z = 80 - o. What is the highest common factor of 23 and z?
23
Let b(a) = 2*a. Let u be b(-3). Let f be u/18 - 30/(-9). Let s be 495/44 + f/4. Calculate the highest common factor of 36 and s.
12
Suppose -5*d = -10, 7*l - 3*d = 2*l + 2154. Calculate the greatest common factor of l and 27.
27
Suppose 8 + 4 = 6*s. Suppose -8 = -s*l - 0. Suppose c = 5*i - 109, -3*i + 6*c = l*c - 64. What is the greatest common divisor of i and 55?
11
Suppose -2*q - q = -3*b, -12 = -3*b. Suppose 3*a + 541 = 2*t + 6*a, 0 = -t - q*a + 263. What is the highest common divisor of 25 and t?
25
Let i(q) = -91*q + 1259. Let l be i(5). Calculate the greatest common factor of l and 60.
12
Let d = 15 - -37. Suppose d = 3*v + v. Let j = 16 - v. What is the highest common divisor of j and 2?
1
Suppose 0 = -246*c + 257*c - 5698. What is the greatest common factor of c and 74?
74
Suppose 2*t - 3*j - 284 = 0, -299 = -4*t - 4*j + 289. Let u be ((-58)/(-6))/(6/18). Calculate the highest common factor of u and t.
29
Let f = -86 + 184. Suppose 47 + f = 5*k. Suppose k*l = 31*l - 16. Calculate the highest common factor of 4 and l.
4
Let x(b) = -2*b**2 - 77*b - 108. Let v be x(-37). Let a = 0 - -3. Calculate the greatest common factor of v and a.
3
Let s be (280/(-12) + -2)*3/(-2). Calculate the greatest common divisor of 171 and s.
19
Let f be 1*7 + (-60)/15. Let j(m) = -m**3 + 2*m**2 + 1. Let d be j(f). Let r be (130/d)/((-2)/8). Calculate the greatest common divisor of 13 and r.
13
Let w(c) = -9*c - 8. Let j be w(-3). Let u = -17 + j. Suppose -h = 3*q - 37, -u*h - 80 = q - 6*q. What is the highest common divisor of q and 14?
14
Let h(g) = -g**2 + 168. Let t be h(0). Let v(i) = 2*i**2 + i - 9. Let d be v(4). Suppose 75 = 2*l + d. Calculate the highest common factor of t and l.
24
Let b = -25 + 37. Suppose 4*r = -4*x - 4, -3 = 5*r + b. Suppose -5 = x*g + 4*d - 45, 3*d + 75 = 2*g. What is the highest common divisor of g and 20?
10
Let y = -7191 + 7211. Let c(o) = -26*o - 2. Let n be c(-2). What is the highest common divisor of y and n?
10
Let r = 44 - 29. Suppose -5*x - c + 601 = 0, -x + 3*c + 146 = 29. What is the greatest common divisor of r and x?
15
Let b(s) = s + 5. Let y be b(-2). Suppose 4*t + 50 = -3*a, -33 = -a + y*a + 3*t. Let h = -7 - a. Calculate the highest common factor of h and 22.
11
Suppose -27 = -t - 2*y + 73, y - 386 = -4*t. Suppose 0 = -40*u + 37*u + t. Calculate the highest common divisor of 4 and u.
4
Suppose 120 = 2*c + 24. Suppose c - 18 = 3*a. Calculate the highest common factor of a and 25.
5
Let j = -741 + 769. Let k be 1/((-2)/(-500)) + 2. Calculate the greatest common factor of j and k.
28
Let w = 8 + 0. Let r(y) = -y**3 + 7*y - 4*y**2 